
In base 2, what is -101 + -111100100100?
-111100101001
In base 6, what is -44 - -204?
120
In base 2, what is 10111 + -10000?
111
In base 16, what is 74 - 2?
72
In base 5, what is -2201 + -2?
-2203
In base 16, what is -637 - 5?
-63c
In base 4, what is 3 - -302112?
302121
In base 16, what is e1 + 1?
e2
In base 9, what is 114 - 3?
111
In base 10, what is 191 - 1?
190
In base 2, what is -1 + 1111011000?
1111010111
In base 15, what is a - -5bd?
5c8
In base 4, what is 0 - -322?
322
In base 9, what is 11 - -103?
114
In base 10, what is -674 + 1?
-673
In base 15, what is 4 + -4ba?
-4b6
In base 13, what is -12 - 46?
-58
In base 7, what is -521 - 24?
-545
In base 13, what is -12 + 175?
163
In base 5, what is 330 - -431?
1311
In base 15, what is 61 + 3e?
a0
In base 15, what is 283 - 15?
26d
In base 16, what is 28d0 + -1?
28cf
In base 5, what is 4 + 10240?
10244
In base 2, what is 101010111 - 11010?
100111101
In base 9, what is -25 + -1?
-26
In base 4, what is 1111 - -11?
1122
In base 13, what is -1b + -11?
-2c
In base 6, what is -1140 - -23?
-1113
In base 10, what is -2 - -540?
538
In base 4, what is -3 + -1111?
-1120
In base 12, what is 4 + 971?
975
In base 13, what is -3 + 255?
252
In base 9, what is 640 + 1?
641
In base 15, what is d - -8?
16
In base 9, what is 3300 + -3?
3286
In base 12, what is 29 - 215?
-1a8
In base 13, what is 5 - 309?
-304
In base 8, what is -6 - -204?
176
In base 8, what is -5 + -66?
-73
In base 7, what is 1466 + 3?
1502
In base 2, what is 100 - 10000?
-1100
In base 11, what is 2 + 708?
70a
In base 7, what is -2 + 106?
104
In base 7, what is 6 - -220?
226
In base 3, what is -1 - 11102?
-11110
In base 7, what is 1440 + 1?
1441
In base 12, what is -a2 + 29?
-75
In base 16, what is 1d + 2f?
4c
In base 9, what is -2 + -53?
-55
In base 6, what is -5 - 140?
-145
In base 7, what is 31 + 62?
123
In base 14, what is 17 + -2?
15
In base 13, what is 66 - -1?
67
In base 13, what is -63 + -4?
-67
In base 12, what is 37b2 - 4?
37aa
In base 5, what is 1034 - -32?
1121
In base 7, what is 3 + -1144?
-1141
In base 12, what is 10 + 26a?
27a
In base 8, what is 5 + -5645?
-5640
In base 12, what is 51a2 + 0?
51a2
In base 9, what is 5 - 126?
-121
In base 7, what is -311 + 4?
-304
In base 4, what is -2113 - 3?
-2122
In base 6, what is 5 + -33010?
-33001
In base 12, what is 5 - -28?
31
In base 6, what is -350 - -30?
-320
In base 10, what is 40179 + 2?
40181
In base 10, what is 1960 + -7?
1953
In base 3, what is -111010 - -1?
-111002
In base 16, what is -4 - e9b?
-e9f
In base 9, what is -58 - -6?
-52
In base 11, what is 2a98 + 5?
2aa2
In base 10, what is -53 + -289?
-342
In base 11, what is -8 - -326?
319
In base 12, what is 3a + 1?
3b
In base 8, what is 5 - 400?
-373
In base 7, what is -10535 + 1?
-10534
In base 9, what is -10845 - 4?
-10850
In base 2, what is -110 - 100111?
-101101
In base 15, what is -7 + 6b?
64
In base 15, what is 34 + -3?
31
In base 3, what is 10121211 - -11?
10121222
In base 8, what is -102 - 12?
-114
In base 16, what is -a - -6a?
60
In base 11, what is -10 - 1?
-11
In base 14, what is 0 + 1a?
1a
In base 3, what is 20 - -222021?
222111
In base 13, what is -2 + -25?
-27
In base 10, what is 125 - -5?
130
In base 8, what is -116 + 113?
-3
In base 6, what is 40 + 4400?
4440
In base 13, what is -3 - 24?
-27
In base 11, what is 119 - -2?
120
In base 13, what is 1ca + -4?
1c6
In base 8, what is -5 + -164?
-171
In base 7, what is 223 + 2?
225
In base 15, what is 14 + 9?
1d
In base 11, what is 2181 + 3?
2184
In base 15, what is 0 + 3d?
3d
In base 15, what is -2a - 6?
-31
In base 8, what is -3650 - -1?
-3647
In base 14, what is -68 + -90?
-118
In base 2, what is -1010110 - -1110?
-1001000
In base 2, what is -1 - -11100?
11011
In base 15, what is 5 + 16b?
171
In base 15, what is -1 + 57e?
57d
In base 6, what is -1450 - -2?
-1444
In base 10, what is -222 - -1?
-221
In base 16, what is -92b - 1?
-92c
In base 10, what is 9 - 77?
-68
In base 12, what is 2 + 50?
52
In base 15, what is -6 + 3b?
35
In base 7, what is -112 - 3?
-115
In base 16, what is -4b - -4d?
2
In base 3, what is 102011002 - 2?
102011000
In base 2, what is 11 + 10011011?
10011110
In base 4, what is 1122302 - 3?
1122233
In base 7, what is -20 - -4?
-13
In base 13, what is 3 - 3269?
-3266
In base 4, what is 1 - 130222?
-130221
In base 6, what is -4 + 23?
15
In base 8, what is 1262 - -7?
1271
In base 5, what is 412121 + -10?
412111
In base 9, what is -6 + -224?
-231
In base 16, what is -ba - -3?
-b7
In base 14, what is c - -13?
21
In base 7, what is 26 + -11?
15
In base 12, what is 0 - 3a?
-3a
In base 2, what is -1011011 + 0?
-1011011
In base 11, what is -708 + -3?
-710
In base 2, what is -101 + -110011101?
-110100010
In base 3, what is 221 + -2?
212
In base 7, what is -4 - 264?
-301
In base 3, what is -11020 + 102?
-10211
In base 5, what is 24214 - 1?
24213
In base 8, what is -11 + -127?
-140
In base 11, what is -2 - -2a?
28
In base 9, what is 2 + -271?
-268
In base 10, what is 106 + -119?
-13
In base 3, what is 11 + 1212?
2000
In base 16, what is 25 + 9?
2e
In base 8, what is -113 + 15?
-76
In base 2, what is -10101 + -111111?
-1010100
In base 10, what is -13 + -1201?
-1214
In base 8, what is 1 - 325?
-324
In base 8, what is -1 - 0?
-1
In base 12, what is 5 - 120?
-117
In base 16, what is b - aa?
-9f
In base 8, what is 105 + -120?
-13
In base 7, what is -5 + -2554?
-2562
In base 14, what is 5 - 203?
-1dc
In base 6, what is -15 + -110?
-125
In base 12, what is 658 - -5?
661
In base 4, what is -10 + 100103?
100033
In base 7, what is -4 - 23?
-30
In base 4, what is 11 + 3302?
3313
In base 2, what is -10010 - 1011111?
-1110001
In base 7, what is -634 - 2?
-636
In base 7, what is -10520 - 1?
-10521
In base 14, what is -51 + 6?
-49
In base 9, what is 5 - 723?
-717
In base 15, what is -c - 4c6?
-4d3
In base 13, what is 2 - -3c7?
3c9
In base 8, what is 65 + 35?
122
In base 11, what is -4 + -43?
-47
In base 13, what is -283 + -6?
-289
In base 7, what is -2 + -250?
-252
In base 9, what is -66 + 1?
-65
In base 12, what is -1385 - -3?
-1382
In base 10, what is 20 - 660?
-640
In base 10, what is -44 - 13?
-57
In base 8, what is -20616 - -3?
-20613
In base 16, what is a + -3a?
-30
In base 8, what is 401 + 17?
420
In base 13, what is -105 + 9?
-c9
In base 11, what is 3 - 25?
-22
In base 9, what is 37755 + -4?
37751
In base 14, what is 1 - -16?
17
In base 8, what is -4 - 215?
-221
In base 13, what is 1c + 1c7?
216
In base 16, what is -1f7 - -5?
-1f2
In base 16, what is -2 + 13?
11
In base 12, what is -51 - 5?
-56
In base 13, what is 9 + 1?
a
In base 4, what is -331330 + 10?
-331320
In base 15, what is 0 + -60?
-60
In base 4, what is 3 + -103?
-100
In base 3, what is -1 - 112?
-120
In base 7, what is 2 - 260?
-255
In base 16, what is -4 + 1?
-3
In base 11, what is 251 + 0?
251
In base 4, what is 112310 + -2?
112302
In base 11, what is 3 - -141?
144
In base 6, what is -431 - 4?
-435
In base 4, what is 0 + 23023?
23023
In base 2, what is -1100 - -10?
-1010
In base 10, what is -16 + -210?
-226
In base 4, what is 212 - -13?
231
In base 5, what is 11120 + -10?
11110
In base 10, what is 26 - -9?
35
In base 5, what is -4 + 0?
-4
In base 14, what is 588 - -1?
589
In base 12, what is 1119 - -2?
111b
In base 6, what is 4 + -5154?
-5150
In base 12, what is -5a - 4?
-62
In base 4, what is 132 + 22?
220
In base 8, what is 3 + -60?
-55
In base 6, what is 2355 - 4?
2351
In base 10, what is 1 + 2?
3
In base 4, what is 1021 + -312?
103
In base 3, what is -11 - -1002101?
1002020
In base 13, what is 5 + -c99?
-c94
In base 13, what is -5 + 119?
114
In base 2, what is 0 + 1001001101?
1001001101
In base 2, what is 1111110 - -101?
10000011
In base 8, what is 5 - 236?
-231
In base 13, what is -30c - -3?
-309
In base 6, what is 35 + 30?
105
In base 6, what is -102 - -1?
-101
In base 10, what is 13 + -333?
-320
In base 14, what is -1 - 113?
-114
In base 4, what is 3 - -23?
32
In base 13, what is 1 + 235a?
235b
In base 15, what is 5b8 - 19?
59e
In base 10, what is -4 - 142?
-146
In base 4, what is 313 - -101?
1020
In base 11, what is 3 - 20?
-18
In base 12, what is -156 - 19?
-173
In base 12, what is 48a - -5?
493
In base 8, what is -763 - 3?
-766
In base 13, what is -b - -149?
13b
In base 9, what is -4 - -1668?
1664
